rue
Does 89 divide 12831?
False
Does 12 divide 9532?
False
Is 61 a factor of 34160?
True
Does 17 divide 2278?
True
Is 1617 a multiple of 77?
True
Is 46895 a multiple of 113?
True
Does 77 divide 77?
True
Does 150 divide 16350?
True
Does 246 divide 8553?
False
Does 11 divide 363?
True
Is 86 a factor of 2494?
True
Is 27 a factor of 13193?
False
Is 17040 a multiple of 188?
False
Does 135 divide 12015?
True
Is 16 a factor of 69984?
True
Does 22 divide 23953?
False
Is 6225 a multiple of 10?
False
Is 70 a factor of 2030?
True
Does 41 divide 2214?
True
Is 29 a factor of 203?
True
Does 17 divide 850?
True
Is 46 a factor of 2714?
True
Is 101 a factor of 303?
True
Is 8877 a multiple of 20?
False
Does 7 divide 13478?
False
Does 69 divide 11661?
True
Is 9045 a multiple of 15?
True
Does 32 divide 99264?
True
Does 10 divide 7750?
True
Is 161 a factor of 8298?
False
Is 3 a factor of 298?
False
Is 16800 a multiple of 120?
True
Does 10 divide 10030?
True
Does 29 divide 31320?
True
Is 11952 a multiple of 72?
True
Is 27886 a multiple of 146?
True
Is 15 a factor of 600?
True
Is 1078 a multiple of 5?
False
Is 27 a factor of 594?
True
Does 35 divide 1795?
False
Is 87 a factor of 336?
False
Is 16 a factor of 927?
False
Does 18 divide 7604?
False
Is 20 a factor of 3239?
False
Is 12779 a multiple of 374?
False
Is 180 a multiple of 12?
True
Is 1271 a multiple of 21?
False
Does 7 divide 1033?
False
Is 3 a factor of 774?
True
Is 14 a factor of 412?
False
Does 23 divide 2136?
False
Is 48 a factor of 2256?
True
Is 22 a factor of 22?
True
Is 14022 a multiple of 171?
True
Is 8820 a multiple of 84?
True
Does 4 divide 110?
False
Does 10 divide 677?
False
Does 5 divide 110?
True
Is 21 a factor of 2695?
False
Is 9616 a multiple of 31?
False
Is 5 a factor of 3160?
True
Does 3 divide 259?
False
Does 21 divide 66171?
True
Is 32 a factor of 4648?
False
Does 7 divide 116?
False
Is 269 a multiple of 9?
False
Does 16 divide 672?
True
Does 3 divide 111?
True
Is 12062 a multiple of 163?
True
Is 4 a factor of 184?
True
Is 10679 a multiple of 16?
False
Is 46 a factor of 46?
True
Does 213 divide 37735?
False
Is 713 a multiple of 43?
False
Is 1317 a multiple of 24?
False
Is 149 a factor of 13857?
True
Is 72 a factor of 1296?
True
Is 14416 a multiple of 68?
True
Is 7182 a multiple of 18?
True
Does 2 divide 455?
False
Is 26 a factor of 182?
True
Does 18 divide 3330?
True
Is 7 a factor of 2317?
True
Is 136 a factor of 20191?
False
Is 22 a factor of 858?
True
Is 11 a multiple of 2?
False
Does 11 divide 143?
True
Is 31456 a multiple of 84?
False
Is 19 a factor of 3037?
False
Is 24 a factor of 23904?
True
Is 15 a factor of 20236?
False
Is 32 a factor of 20867?
False
Is 24360 a multiple of 29?
True
Is 9600 a multiple of 16?
True
Does 33 divide 29832?
True
Is 40740 a multiple of 70?
True
Is 17 a factor of 5083?
True
Does 5 divide 585?
True
Is 11 a factor of 924?
True
Is 320 a multiple of 20?
True
Is 22 a factor of 4282?
False
Is 19 a factor of 19074?
False
Is 22 a factor of 10745?
False
Is 33 a factor of 4587?
True
Is 3059 a multiple of 27?
False
Does 12 divide 926?
False
Does 10 divide 6390?
True
Is 79 a factor of 781?
False
Is 616 a multiple of 29?
False
Does 232 divide 20184?
True
Is 494 a multiple of 26?
True
Is 896 a multiple of 16?
True
Is 1568 a multiple of 25?
False
Does 22 divide 1211?
False
Is 2528 a multiple of 5?
False
Is 6545 a multiple of 85?
True
Is 2947 a multiple of 23?
False
Is 22 a factor of 55130?
False
Is 11 a factor of 231?
True
Is 44 a factor of 62703?
False
Is 8 a factor of 64692?
False
Does 63 divide 1699?
False
Is 16422 a multiple of 6?
True
Is 2550 a multiple of 3?
True
Does 8 divide 6056?
True
Does 140 divide 1547?
False
Is 6609 a multiple of 11?
False
Is 57 a factor of 4215?
False
Is 10650 a multiple of 6?
True
Does 7 divide 14854?
True
Is 931 a multiple of 10?
False
Does 10 divide 3550?
True
Does 36 divide 108?
True
Is 14 a factor of 521?
False
Is 33 a factor of 2310?
True
Does 21 divide 42504?
True
Is 2984 a multiple of 3?
False
Is 118 a factor of 37170?
True
Does 207 divide 6398?
False
Does 10 divide 22040?
True
Does 35 divide 4469?
False
Does 25 divide 20325?
True
Is 82 a factor of 18200?
False
Is 761 a multiple of 15?
False
Is 60 a factor of 386?
False
Does 14 divide 279?
False
Is 626 a multiple of 77?
False
Is 5211 a multiple of 9?
True
Is 3160 a multiple of 218?
False
Is 2879 a multiple of 87?
False
Is 25 a factor of 1475?
True
Is 29996 a multiple of 12?
False
Is 17124 a multiple of 244?
False
Is 29649 a multiple of 50?
False
Is 98 a factor of 1505?
False
Is 4 a factor of 89?
False
Does 9 divide 18858?
False
Is 72 a factor of 864?
True
Is 34 a factor of 816?
True
Does 72 divide 5403?
False
Does 31 divide 516?
False
Does 16 divide 2477?
False
Does 62 divide 496?
True
Is 47040 a multiple of 224?
True
Is 20 a factor of 1977?
False
Does 144 divide 23229?
False
Does 142 divide 19596?
True
Does 55 divide 2695?
True
Is 18 a factor of 14508?
True
Is 18 a factor of 533?
False
Is 38 a factor of 6625?
False
Is 8768 a multiple of 17?
False
Is 6244 a multiple of 14?
True
Does 12 divide 2718?
False
Is 12 a factor of 588?
True
Is 34 a factor of 14314?
True
Is 8008 a multiple of 26?
True
Does 10 divide 55760?
True
Does 50 divide 1950?
True
Is 45 even?
False
Is 583 a multiple of 11?
True
Does 59 divide 16802?
False
Does 52 divide 59544?
False
Does 107 divide 56096?
False
Is 23 a factor of 3717?
False
Is 9 a factor of 333?
True
Is 47936 a multiple of 32?
True
Is 48048 a multiple of 268?
False
Is 3 a factor of 1242?
True
Is 19 a factor of 1976?
True
Does 14 divide 17?
False
Is 9942 a multiple of 100?
False
Does 14 divide 585?
False
Does 13 divide 2579?
False
Is 2544 a multiple of 2?
True
Is 2792 a multiple of 8?
True
Is 19 a factor of 1347?
False
Is 22149 a multiple of 15?
False
Is 45 a factor of 2205?
True
Is 5 a factor of 9835?
True
Is 1235 a multiple of 19?
True
Is 102 a multiple of 34?
True
Does 4 divide 16734?
False
Is 47 a factor of 788?
False
Does 25 divide 2050?
True
Does 36 divide 5239?
False
Is 8854 a multiple of 38?
True
Is 4002 a multiple of 69?
True
Is 1135 a multiple of 15?
False
Is 80 a factor of 43684?
False
Does 18 divide 588?
False
Is 4672 a multiple of 16?
True
Is 212 a multiple of 2?
True
Is 87 a factor of 30189?
True
Is 1263 a multiple of 2?
False
Is 1677 a multiple of 17?
False
Does 53 divide 53?
True
Is 84 a factor of 1378?
False
Is 1551 a multiple of 7?
False
Is 8 a factor of 28544?
True
Is 159 a factor of 8509?
False
Does 55 divide 1668?
False
Is 15 a factor of 111?
False
Is 4308 a multiple of 6?
True
Is 26297 a multiple of 8?
False
Is 44 a factor of 178?
False
Is 17 a factor of 48075?
False
Is 4 a factor of 13980?
True
Is 20133 a multiple of 46?
False
Is 499 a multiple of 7?
False
Is 672 a multiple of 16?
True
Is 2164 a multiple of 95?
False
Is 266 a multiple of 2?
True
Does 17 divide 359?
False
Is 1452 a multiple of 33?
True
Is 16 a factor of 1245?
False
Is 1319 a multiple of 57?
False
Is 21 a factor of 1376?
False
Is 2250 a multiple of 5?
True
Does 25 divide 19866?
False
Is 106 a factor of 2226?
True
Is 10 a factor of 1454?
False
Is 40119 a multiple of 129?
True
Is 83 a factor of 2309?
False
Is 190 a multiple of 10?
True
Is 5 a factor of 236?
False
Is 6 a factor of 6161?
False
Is 6 a factor of 396?
True
Is 20 a factor of 1124?
False
Is 50 a factor of 5664?
False
Does 53 divide 33708?
True
Is 581 a multiple of 7?
True
Is 22 a factor of 396?
True
Does 31 divide 17143?
True
Is 21 a factor of 1593?
False
Does 161 divide 24025?
False
Does 56 divide 73593?
False
Does 2 divide 946?
True
Is 8030 a multiple of 10?
True
Does 13 divide 19136?
True
Does 82 divide 16724?
False
Is 875 a multiple of 7?
True
Is 23 a factor of 8464?
True
Is 2381 a multiple of 11?
False
Is 2096 a multiple of 20?
False
Is 24 a factor of 2330?
False
Is 2861 a multiple of 18?
False
Does 56 divide 784?
True
Does 11 divide 1167?
False
Does 45 divide 1303?
False
Is 3016 a multiple of 48?
False
Is 165 a factor of 76926?
False
Does 71 divide 26520?
False
Does 38 divide 22288?
False
Is 295 a multiple of 4?
False
Does 18 divide 18?
True
Does 6 divide 4716?
True
Is 239 a multiple of 16?
False
Is 21 a factor of 4914?
True
Does 22 divide 4598?
True
Is 29 a factor of 1827?
True
Is 107 a factor of 19